
What is -23371 (base 11) in base 13?
-12467
2585 (base 12) to base 9
5772
Convert 220020 (base 3) to base 15.
2d9
What is -452 (base 7) in base 4?
-3221
Convert 3635 (base 12) to base 9.
8315
5343 (base 9) to base 8
7527
What is 6c6 (base 15) in base 9?
2086
Convert -320 (base 10) to base 15.
-165
Convert 1820 (base 12) to base 8.
5530
What is 39649 (base 11) in base 12?
28975
What is -33021 (base 6) in base 4?
-1013011
What is 14468 (base 9) in base 4?
2122013
Convert 365 (base 15) to base 3.
1001112
25770 (base 9) to base 7
101502
-1071 (base 16) to base 13
-1bba
What is 4104 (base 5) in base 12?
381
1733c (base 13) to base 5
2410443
153 (base 10) to base 7
306
What is 8523 (base 10) in base 13?
3b58
-12095 (base 10) to base 15
-38b5
What is -3012 (base 4) in base 9?
-240
33100122 (base 4) to base 9
104643
What is 1030 (base 6) in base 8?
352
What is 3f76 (base 16) in base 5?
1004441
-35136 (base 8) to base 12
-8792
514 (base 9) to base 7
1135
-2110 (base 3) to base 8
-102
Convert 306 (base 13) to base 4.
20001
Convert 1307 (base 13) to base 7.
10622
What is 139b (base 16) in base 3?
20212220
122330 (base 5) to base 3
20110122
What is -4018 (base 13) in base 11?
-6689
-962a (base 12) to base 10
-16450
-521 (base 9) to base 11
-356
What is 50 (base 10) in base 14?
38
1a1 (base 12) to base 7
526
2670 (base 8) to base 12
a20
What is -15022 (base 8) in base 3?
-100011012
-46702 (base 8) to base 3
-1000022021
335 (base 8) to base 12
165
What is -2331 (base 14) in base 16?
-17e7
1343 (base 8) to base 2
1011100011
20067 (base 9) to base 15
3d8d
2 (base 14) to base 11
2
Convert -83b (base 13) to base 16.
-57a
Convert -4ba (base 14) to base 12.
-670
Convert 7669 (base 12) to base 2.
11001011110001
What is 20130 (base 4) in base 6?
2300
What is -56 (base 16) in base 7?
-152
Convert -33223 (base 5) to base 12.
-1409
1090 (base 16) to base 7
15235
What is -152105 (base 6) in base 16?
-3989
Convert -76a (base 13) to base 2.
-10011110111
Convert -10010010011 (base 2) to base 3.
-1121101
What is db0 (base 15) in base 8?
6022
What is 110100110000011 (base 2) in base 16?
6983
What is -1501 (base 10) in base 2?
-10111011101
Convert -10010112200 (base 3) to base 16.
-f0c0
-1298c (base 13) to base 4
-20130200
What is 8a (base 14) in base 11?
101
Convert -51804 (base 9) to base 6.
-422134
-3233 (base 7) to base 12
-7bb
Convert -1817 (base 9) to base 4.
-111301
Convert 42331 (base 5) to base 7.
11166
What is -200230 (base 5) in base 14?
-2431
-5845 (base 10) to base 5
-141340
-12614 (base 12) to base 11
-17923
What is 310 (base 13) in base 8?
1010
Convert 355306 (base 7) to base 15.
140b4
222243 (base 5) to base 2
1111010001111
-3440 (base 8) to base 3
-2111120
What is 1232 (base 5) in base 4?
3000
Convert 13013 (base 4) to base 15.
205
What is 2371 (base 9) in base 6?
12101
What is -32055 (base 6) in base 7?
-15461
What is 14104 (base 5) in base 13?
6aa
-101010000010111 (base 2) to base 11
-151a0
Convert -11453 (base 10) to base 9.
-16635
What is 11240 (base 7) in base 11?
217a
Convert -2132 (base 4) to base 10.
-158
401 (base 16) to base 14
533
3090 (base 10) to base 7
12003
What is 25004 (base 6) in base 12?
2164
What is 87a1 (base 13) in base 10?
18890
What is -120002 (base 4) in base 10?
-1538
-e71 (base 16) to base 10
-3697
Convert 1321 (base 9) to base 3.
1100201
1050 (base 6) to base 7
501
What is 1212110 (base 3) in base 10?
1362
Convert 8893 (base 12) to base 9.
22623
Convert 7342 (base 9) to base 10.
5384
What is 881 (base 12) in base 16?
4e1
87a (base 12) to base 10
1246
Convert -100202202 (base 3) to base 4.
-1233101
-167 (base 14) to base 2
-100011111
-1220 (base 10) to base 11
-a0a
What is -102020 (base 3) in base 15?
-153
1664 (base 8) to base 14
4ba
-468 (base 16) to base 4
-101220
Convert 57ab (base 12) to base 6.
113135
Convert 2016 (base 7) to base 10.
699
Convert -38 (base 16) to base 5.
-211
-272 (base 15) to base 5
-4212
What is 25879 (base 10) in base 11?
18497
11454 (base 6) to base 4
122122
What is -2928 (base 11) in base 4?
-323011
What is 10312030 (base 4) in base 10?
19852
Convert 693 (base 16) to base 9.
2270
-3de (base 15) to base 8
-1564
5112 (base 7) to base 15
7d3
8 (base 9) to base 6
12
5851 (base 10) to base 4
1123123
Convert 28d (base 14) to base 7.
1336
-1558 (base 13) to base 6
-22231
Convert -42 (base 5) to base 14.
-18
-10297 (base 10) to base 7
-42010
-236204 (base 8) to base 3
-11010011001
Convert 1245 (base 6) to base 5.
2232
What is 102220011 (base 3) in base 15?
2881
-b3 (base 12) to base 9
-160
-27582 (base 9) to base 5
-1044304
Convert 237d (base 14) to base 16.
182b
-884 (base 11) to base 16
-424
1168 (base 12) to base 10
1952
-20263 (base 7) to base 6
-34521
What is -14260 (base 7) in base 6?
-30041
Convert 725 (base 9) to base 15.
295
Convert 101311220 (base 4) to base 11.
4a992
Convert -32f (base 16) to base 13.
-4a9
Convert -202200 (base 3) to base 12.
-3a6
Convert -1101100110111 (base 2) to base 4.
-1230313
What is -44b6 (base 15) in base 13?
-682b
What is 245 (base 9) in base 3?
21112
What is -5120 (base 6) in base 14?
-5a8
Convert 230 (base 8) to base 7.
305
What is 1201212 (base 3) in base 9?
1655
Convert 1131 (base 9) to base 15.
3ad
What is -331010 (base 4) in base 13?
-1a18
Convert 24a (base 14) to base 3.
121222
Convert -70a (base 14) to base 6.
-10222
Convert 60da (base 14) to base 4.
10010100
2136 (base 11) to base 12
1772
-275 (base 8) to base 9
-230
What is 300 (base 10) in base 12?
210
89 (base 16) to base 6
345
What is -22211200 (base 3) in base 14?
-24c4
Convert 411 (base 11) to base 2.
111110000
What is -103d (base 15) in base 6?
-23521
Convert 21121 (base 3) to base 5.
1310
Convert -313 (base 9) to base 2.
-11111111
Convert -b849 (base 15) to base 2.
-1001100001010010
Convert -172 (base 10) to base 6.
-444
What is 41202 (base 7) in base 15?
2e9c
-6241 (base 7) to base 6
-14041
272d (base 14) to base 6
51541
5d85 (base 15) to base 9
30288
What is 5a9a (base 11) in base 16?
1f26
Convert 214 (base 8) to base 11.
118
Convert -465 (base 10) to base 9.
-566
What is -dd (base 14) in base 9?
-236
What is -100010001011010 (base 2) in base 8?
-42132
220122 (base 3) to base 11
555
What is 215450 (base 7) in base 15?
b3ab
Convert 1524 (base 7) to base 16.
25e
Convert -2164 (base 8) to base 14.
-5b6
-245040 (base 7) to base 15
-d4c6
Convert 7bd (base 15) to base 5.
24003
-110a (base 12) to base 5
-30012
What is 4ffc (base 16) in base 11?
14425
-245122 (base 6) to base 16
-556a
Convert -214 (base 13) to base 15.
-18a
-1382 (base 13) to base 14
-104a
30736 (base 12) to base 2
1111011100011010
What is -37525 (base 8) in base 10?
-16213
What is -252 (base 10) in base 12?
-190
Convert 140 (base 10) to base 4.
2030
-7493 (base 10) to base 7
-30563
What is 25 (base 16) in base 9?
41
What is 10000101 (base 2) in base 4?
2011
1120020221 (base 3) to base 7
155545
Convert 1133 (base 6) to base 14.
157
Convert -284 (base 9) to base 5.
-1423
-2 (base 4) to base 8
-2
Convert 10011101001 (base 2) to base 9.
1646
1642 (base 8) to base 3
1021110
Convert -100212210 (base 3) to base 4.
-1300203
What is 1556 (base 10) in base 6?
11112
-28788 (base 9) to base 2
-100110010010001
Convert -101000011 (base 2) to base 3.
-102222
What is 6b2 (base 12) in base 9?
1328
-9863 (base 13) to base 7
-115553
What is 234440 (base 7) in base 14?
11657
Convert 47441 (base 8) to base 9.
30707
-2220 (base 9) to base 2
-11001100110
Convert 10231 (base 5) to base 7.
2005
-2101100112 (base 3) to base 7
-253526
40045 (base 8) to base 16
4025
What is -266424 (base 7) in base 15?
-ed7c
What is 112012 (base 3) in base 9?
465
Convert -131 (base 6) to base 13.
-43
-6324 (base 8) to base 7
-12401
What is 63111 (base 7) in base 3?
210020210
What is -1101 (base 4) in base 5?
-311
Convert 35643 (base 7) to base 3.
110200100
What is a15a (base 12) in base 13?
7c69
What is -27c8 (base 13) in base 4?
-1121231
1746 (base 11) to base 6
14152
Convert -13a9 (base 11) to base 13.
-a96
Convert 1320130 (base 4) to base 6.
55404
13051 (base 6) to base 11
1536
What is -828a (base 14) in base 15?
-69cb
What is 1200223 (base 4) in base 7?
24016
Convert 3578 (base 9) to base 8.
5147
What is 64275 (base 8) in base 11?
19166
19d1 (base 14) to base 6
33415
What is 22121 